ivided by 155?
80
Calculate the remainder when 2041 is divided by 335.
31
Calculate the remainder when 4524 is divided by 31.
29
What is the remainder when 3458 is divided by 1724?
10
What is the remainder when 450 is divided by 135?
45
Calculate the remainder when 107 is divided by 63.
44
What is the remainder when 213 is divided by 106?
1
Calculate the remainder when 363 is divided by 93.
84
Calculate the remainder when 170 is divided by 34.
0
What is the remainder when 9468 is divided by 17?
16
Calculate the remainder when 366 is divided by 41.
38
Calculate the remainder when 487 is divided by 161.
4
Calculate the remainder when 2134 is divided by 61.
60
Calculate the remainder when 923 is divided by 25.
23
What is the remainder when 9204 is divided by 27?
24
What is the remainder when 873 is divided by 16?
9
Calculate the remainder when 621 is divided by 104.
101
Calculate the remainder when 24 is divided by 19.
5
What is the remainder when 466 is divided by 36?
34
Calculate the remainder when 18 is divided by 5.
3
What is the remainder when 449 is divided by 15?
14
Calculate the remainder when 195 is divided by 18.
15
Calculate the remainder when 357 is divided by 130.
97
What is the remainder when 3077 is divided by 134?
129
Calculate the remainder when 307 is divided by 31.
28
Calculate the remainder when 98 is divided by 26.
20
What is the remainder when 870 is divided by 416?
38
What is the remainder when 833 is divided by 15?
8
Calculate the remainder when 95 is divided by 12.
11
Calculate the remainder when 7990 is divided by 216.
214
What is the remainder when 369 is divided by 6?
3
Calculate the remainder when 300 is divided by 130.
40
What is the remainder when 254 is divided by 91?
72
Calculate the remainder when 927 is divided by 184.
7
What is the remainder when 1092 is divided by 27?
12
What is the remainder when 465 is divided by 210?
45
Calculate the remainder when 242 is divided by 90.
62
What is the remainder when 3568 is divided by 21?
19
Calculate the remainder when 7 is divided by 4.
3
What is the remainder when 5174 is divided by 207?
206
Calculate the remainder when 143 is divided by 16.
15
Calculate the remainder when 5819 is divided by 2893.
33
What is the remainder when 25070 is divided by 411?
410
Calculate the remainder when 189 is divided by 48.
45
What is the remainder when 8698 is divided by 1739?
3
Calculate the remainder when 235 is divided by 2.
1
Calculate the remainder when 344 is divided by 67.
9
Calculate the remainder when 1629 is divided by 239.
195
What is the remainder when 74 is divided by 5?
4
Calculate the remainder when 4406 is divided by 30.
26
What is the remainder when 429 is divided by 76?
49
Calculate the remainder when 83 is divided by 6.
5
Calculate the remainder when 125 is divided by 34.
23
Calculate the remainder when 6706 is divided by 78.
76
What is the remainder when 3962 is divided by 1319?
5
Calculate the remainder when 6193 is divided by 2057.
22
Calculate the remainder when 142 is divided by 13.
12
What is the remainder when 126 is divided by 67?
59
What is the remainder when 350 is divided by 107?
29
What is the remainder when 119 is divided by 5?
4
Calculate the remainder when 240 is divided by 167.
73
What is the remainder when 6857 is divided by 196?
193
What is the remainder when 2454 is divided by 77?
67
Calculate the remainder when 158 is divided by 43.
29
Calculate the remainder when 945 is divided by 38.
33
What is the remainder when 2038 is divided by 157?
154
Calculate the remainder when 822 is divided by 44.
30
What is the remainder when 9278 is divided by 64?
62
Calculate the remainder when 227 is divided by 47.
39
Calculate the remainder when 468 is divided by 150.
18
What is the remainder when 1310 is divided by 13?
10
What is the remainder when 972 is divided by 39?
36
What is the remainder when 1277 is divided by 64?
61
What is the remainder when 182 is divided by 57?
11
Calculate the remainder when 2235 is divided by 172.
171
What is the remainder when 338 is divided by 325?
13
What is the remainder when 211 is divided by 145?
66
Calculate the remainder when 2760 is divided by 60.
0
Calculate the remainder when 167 is divided by 53.
8
Calculate the remainder when 370 is divided by 11.
7
Calculate the remainder when 52 is divided by 21.
10
Calculate the remainder when 990 is divided by 203.
178
What is the remainder when 1279 is divided by 79?
15
What is the remainder when 383 is divided by 62?
11
Calculate the remainder when 212 is divided by 31.
26
Calculate the remainder when 171 is divided by 45.
36
What is the remainder when 914 is divided by 203?
102
What is the remainder when 2598 is divided by 50?
48
Calculate the remainder when 178 is divided by 171.
7
What is the remainder when 418 is divided by 61?
52
Calculate the remainder when 155 is divided by 26.
25
Calculate the remainder when 4377 is divided by 129.
120
What is the remainder when 876 is divided by 100?
76
What is the remainder when 136 is divided by 24?
16
What is the remainder when 4529 is divided by 10?
9
What is the remainder when 2188 is divided by 702?
82
What is the remainder when 21 is divided by 14?
7
Calculate the remainder when 1949 is divided by 32.
29
Calculate the remainder when 105 is divided by 25.
5
Calculate the remainder when 70 is divided by 18.
16
Calculate the remainder when 322 is divided by 59.
27
Calculate the remainder when 372 is divided by 119.
15
Calculate the remainder when 839 is divided by 168.
167
Calculate the remainder when 253 is divided by 127.
126
What is the remainder when 285 is divided by 29?
24
Calculate the remainder when 176 is divided by 167.
9
Calculate the remainder when 1459 is divided by 243.
1
Calculate the remainder when 88 is divided by 16.
8
What is the remainder when 93 is divided by 28?
9
Calculate the remainder when 2633 is divided by 48.
41
What is the remainder when 282 is divided by 82?
36
Calculate the remainder when 299 is divided by 147.
5
Calculate the remainder when 3929 is divided by 9.
5
Calculate the remainder when 973 is divided by 80.
13
What is the remainder when 2414 is divided by 21?
20
Calculate the remainder when 199 is divided by 25.
24
What is the remainder when 241 is divided by 49?
45
Calculate the remainder when 1428 is divided by 18.
6
Calculate the remainder when 36 is divided by 34.
2
Calculate the remainder when 8361 is divided by 54.
45
Calculate the remainder when 327 is divided by 66.
63
Calculate the remainder when 485 is divided by 35.
30
What is the remainder when 662 is divided by 32?
22
What is the remainder when 205 is divided by 55?
40
Calculate the remainder when 302 is divided by 19.
17
What is the remainder when 280 is divided by 54?
10
What is the remainder when 211 is divided by 38?
21
What is the remainder when 411 is divided by 104?
99
What is the remainder when 172 is divided by 74?
24
What is the remainder when 130 is divided by 34?
28
Calculate the remainder when 41 is divided by 22.
19
What is the remainder when 14002 is divided by 23?
18
What is the remainder when 167 is divided by 77?
13
What is the remainder when 900 is divided by 32?
4
What is the remainder when 2546 is divided by 37?
30
Calculate the remainder when 1630 is divided by 15.
10
Calculate the remainder when 180 is divided by 71.
38
Calculate the remainder when 177 is divided by 42.
9
What is the remainder when 263 is divided by 11?
10
What is the remainder when 30 is divided by 27?
3
Calculate the remainder when 2658 is divided by 78.
6
What is the remainder when 1691 is divided by 14?
11
What is the remainder when 5793 is divided by 19?
17
Calculate the remainder when 544 is divided by 9.
4
Calculate the remainder when 656 is divided by 55.
51
Calculate the remainder when 6321 is divided by 29.
28
What is the remainder when 1296 is divided by 226?
166
Calculate the remainder when 2788 is divided by 97.
72
Calculate the remainder when 478 is divided by 228.
22
Calculate the remainder when 557 is divided by 33.
29
What is the remainder when 440 is divided by 82?
30
What is the remainder when 136 is divided by 63?
10
What is the remainder when 921 is divided by 21?
18
What is the remainder when 591 is divided by 74?
73
Cal